{"id":27,"date":"2015-08-27T09:59:07","date_gmt":"2015-08-27T07:59:07","guid":{"rendered":"http:\/\/wwwdev.duit.loc\/wwwdev9\/?page_id=27"},"modified":"2017-01-06T13:11:39","modified_gmt":"2017-01-06T12:11:39","slug":"lieferantenanwendungen","status":"publish","type":"page","link":"https:\/\/einkaufsportal.duisburg.de\/index.php\/startseite-2\/lieferantenanwendungen\/","title":{"rendered":"Lieferantenanwendungen"},"content":{"rendered":"<p>Unser Bestreben ist es, st\u00e4ndige Verbesserungen in unseren Beschaffungsstrukturen und -abl\u00e4ufen unter Ber\u00fccksichtigung der gesamten Wertsch\u00f6pfungskette voranzutreiben. Zielsetzung ist es, schlanke und transparente Prozesse zu implementieren, von denen auch unsere Lieferanten profitieren sollen.<\/p>\n<p>Von unseren Lieferanten\/Dienstleistern beanspruchen wir stets wettbewerbsf\u00e4hige Konditionen und Preise. Unsere Lieferbeziehungen sind gekennzeichnet durch ein faires Miteinander. Preise und Konditionen werden absolut vertraulich behandelt. Einkaufsentscheidungen werden ausschlie\u00dflich auf der Grundlage objektiver, nachvollziehbarer Kriterien getroffen.<\/p>\n","protected":false},"excerpt":{"rendered":"<p>Unser Bestreben ist es, st\u00e4ndige Verbesserungen in unseren Beschaffungsstrukturen und -abl\u00e4ufen unter Ber\u00fccksichtigung der gesamten Wertsch\u00f6pfungskette voranzutreiben. Zielsetzung ist es, schlanke und transparente Prozesse zu implementieren, von denen auch unsere Lieferanten profitieren sollen. Von unseren Lieferanten\/Dienstleistern beanspruchen wir stets wettbewerbsf\u00e4hige Konditionen und Preise. Unsere Lieferbeziehungen sind gekennzeichnet durch ein faires Miteinander. Preise und Konditionen werden [&hellip;]<\/p>\n","protected":false},"author":1,"featured_media":0,"parent":21,"menu_order":0,"comment_status":"closed","ping_status":"closed","template":"","meta":{"_acf_changed":false,"footnotes":""},"class_list":["post-27","page","type-page","status-publish","hentry"],"acf":[],"_links":{"self":[{"href":"https:\/\/einkaufsportal.duisburg.de\/index.php\/wp-json\/wp\/v2\/pages\/27","targetHints":{"allow":["GET"]}}],"collection":[{"href":"https:\/\/einkaufsportal.duisburg.de\/index.php\/wp-json\/wp\/v2\/pages"}],"about":[{"href":"https:\/\/einkaufsportal.duisburg.de\/index.php\/wp-json\/wp\/v2\/types\/page"}],"author":[{"embeddable":true,"href":"https:\/\/einkaufsportal.duisburg.de\/index.php\/wp-json\/wp\/v2\/users\/1"}],"replies":[{"embeddable":true,"href":"https:\/\/einkaufsportal.duisburg.de\/index.php\/wp-json\/wp\/v2\/comments?post=27"}],"version-history":[{"count":9,"href":"https:\/\/einkaufsportal.duisburg.de\/index.php\/wp-json\/wp\/v2\/pages\/27\/revisions"}],"predecessor-version":[{"id":1101,"href":"https:\/\/einkaufsportal.duisburg.de\/index.php\/wp-json\/wp\/v2\/pages\/27\/revisions\/1101"}],"up":[{"embeddable":true,"href":"https:\/\/einkaufsportal.duisburg.de\/index.php\/wp-json\/wp\/v2\/pages\/21"}],"wp:attachment":[{"href":"https:\/\/einkaufsportal.duisburg.de\/index.php\/wp-json\/wp\/v2\/media?parent=27"}],"curies":[{"name":"wp","href":"https:\/\/api.w.org\/{rel}","templated":true}]}}